{"id":981,"date":"2024-10-25T10:10:06","date_gmt":"2024-10-25T10:10:06","guid":{"rendered":"https:\/\/blanchestore.com\/?post_type=product&#038;p=981"},"modified":"2024-11-19T01:35:02","modified_gmt":"2024-11-19T00:35:02","slug":"womanizer-premium-2","status":"publish","type":"product","link":"https:\/\/blanchestories.com\/shop\/produkt\/womanizer-premium-2\/","title":{"rendered":"<span class=\"pro-brand\">Womanizer<\/span> <br> Premium 2"},"content":{"rendered":"<p>Upplev en revolution i njutning med Womanizer Premium 2! Med sin banbrytande Pleasure Air-teknologi tar den dig till nya h\u00f6jder av njutning genom sin unika sugliknande effekt som anv\u00e4nder kontaktl\u00f6sa tryckluftsv\u00e5gor f\u00f6r att ge orgasmer utan motstycke. En g\u00e5ng provad, kommer du aldrig vilja \u00e5terg\u00e5&#8230;<\/p>\n<p>Womanizer Premium 2 \u00e4r inte bara en njutningsprodukt \u2013 den \u00e4r en lyxupplevelse. Med 14 olika intensitetsniv\u00e5er att v\u00e4lja mellan kan du skr\u00e4ddarsy din njutning precis som du vill ha den. Dessutom \u00e4r den utrustad med Smart Silence-teknologi som endast aktiverar Premium 2 n\u00e4r den \u00e4r i n\u00e4ra hudkontakt, vilket inte bara sparar batteri utan \u00e4ven h\u00e5ller ljudniv\u00e5n till ett minimum f\u00f6r total diskretion.<\/p>\n<p>Men det \u00e4r inte allt. Premium 2 tar njutning till en helt ny niv\u00e5 med sin autopilotfunktion. Luta dig tillbaka, slappna av och l\u00e5t Womanizer ta kontrollen \u00f6ver din njutning. Med Autopilot-l\u00e4get v\u00e4xlar Premium 2 automatiskt mellan olika intensitetsniv\u00e5er i ett v\u00e4l utr\u00e4knat m\u00f6nster, vilket ger dig en \u00f6verraskande och sp\u00e4nnande resa till klimax varje g\u00e5ng.<\/p>\n<p>Ge dig sj\u00e4lv den ultimata njutningsupplevelsen med Womanizer Premium 2 \u2013 d\u00e4r njutning och lyx m\u00f6ts f\u00f6r att skapa en of\u00f6rgl\u00f6mlig sensation.<\/p>\n<p><strong>Smart Silence<\/strong><\/p>\n<p>Smart Silence inneb\u00e4r att din produkt bara sl\u00e5s p\u00e5 n\u00e4r den \u00e4r v\u00e4ldigt n\u00e4ra att r\u00f6ra din hud, vilket bevarar batteriet och h\u00e5ller buller till ett minimum.<\/p>\n<p><strong>Autopilotl\u00e4ge<\/strong><\/p>\n<p>L\u00e5t Premium 2 ta ledningen \u2013 din leksak kommer att \u00e4ndra intensiteten \u00e5t dig f\u00f6r det sensuella \u00f6verraskningsmomentet.<\/p>\n<ul>\n<li>14 olika intensiteter<\/li>\n<li>Patenterad PLeasure Air-teknologi<\/li>\n<li>Smart Silence-funktion<\/li>\n<li>Autopilotl\u00e4ge<\/li>\n<li>100 % vattent\u00e4t (IPX7)<\/li>\n<li>Ergonomisk design<\/li>\n<li>3 LED-lampor med laddningsniv\u00e5 och l\u00e4gesindikering<\/li>\n<li>USB-kabel med magnetiska laddningsstift<\/li>\n<li>Tv\u00e5 stimulationsmunstycken medf\u00f6ljer i tv\u00e5 olika storlekar<\/li>\n<li>F\u00f6rvaringsp\u00e5se i bomull av h\u00f6g kvalitet<\/li>\n<li>Snabbstartsguide<\/li>\n<li>Laddningstid: 120 minuter<\/li>\n<li>K\u00f6rtid: Upp till 3 timmars spel<\/li>\n<li>Material: ABS, kroppss\u00e4ker silikon<\/li>\n<li>M\u00e5tt: 155 mm x 50 mm x 35 mm<\/li>\n<li>Garanti: 5 \u00e5r<\/li>\n<\/ul>\n","protected":false},"excerpt":{"rendered":"<p>Upplev en revolution i njutning med Womanizer Premium 2! Med sin banbrytande Pleasure Air-teknologi tar den dig till nya h\u00f6jder av njutning.<\/p>\n","protected":false},"featured_media":1021,"comment_status":"open","ping_status":"closed","template":"","meta":{"_mo_disable_npp":""},"product_cat":[93],"product_tag":[],"class_list":{"0":"post-981","1":"product","2":"type-product","3":"status-publish","4":"has-post-thumbnail","6":"product_cat-lufttrycksvibratorer","8":"first","9":"instock","10":"taxable","11":"shipping-taxable","12":"purchasable","13":"product-type-variable"},"yoast_head":"<!-- This site is optimized with the Yoast SEO plugin v24.2 - https:\/\/yoast.com\/wordpress\/plugins\/seo\/ -->\n<title>Womanizer  Premium 2 - BLANCHEstories SHOP<\/title>\n<meta name=\"robots\" content=\"index, follow, max-snippet:-1, max-image-preview:large, max-video-preview:-1\" \/>\n<link rel=\"canonical\" href=\"https:\/\/blanchestories.com\/shop\/produkt\/womanizer-premium-2\/\" \/>\n<meta property=\"og:locale\" content=\"sv_SE\" \/>\n<meta property=\"og:type\" content=\"article\" \/>\n<meta property=\"og:title\" content=\"Womanizer  Premium 2 - BLANCHEstories SHOP\" \/>\n<meta property=\"og:description\" content=\"Upplev en revolution i njutning med Womanizer Premium 2! Med sin banbrytande Pleasure Air-teknologi tar den dig till nya h\u00f6jder av njutning.\" \/>\n<meta property=\"og:url\" content=\"https:\/\/blanchestories.com\/shop\/produkt\/womanizer-premium-2\/\" \/>\n<meta property=\"og:site_name\" content=\"BLANCHEstories SHOP\" \/>\n<meta property=\"article:modified_time\" content=\"2024-11-19T00:35:02+00:00\" \/>\n<meta property=\"og:image\" content=\"https:\/\/blanchestories.com\/shop\/wp-content\/uploads\/2024\/10\/WOMANIZER-Premium-2-Raspberry-1-1-jpg.webp\" \/>\n\t<meta property=\"og:image:width\" content=\"1000\" \/>\n\t<meta property=\"og:image:height\" content=\"1000\" \/>\n\t<meta property=\"og:image:type\" content=\"image\/webp\" \/>\n<meta name=\"twitter:card\" content=\"summary_large_image\" \/>\n<meta name=\"twitter:label1\" content=\"Ber\u00e4knad l\u00e4stid\" \/>\n\t<meta name=\"twitter:data1\" content=\"2 minuter\" \/>\n<script type=\"application\/ld+json\" class=\"yoast-schema-graph\">{\"@context\":\"https:\/\/schema.org\",\"@graph\":[{\"@type\":\"WebPage\",\"@id\":\"https:\/\/blanchestories.com\/shop\/produkt\/womanizer-premium-2\/\",\"url\":\"https:\/\/blanchestories.com\/shop\/produkt\/womanizer-premium-2\/\",\"name\":\"Womanizer Premium 2 - BLANCHEstories SHOP\",\"isPartOf\":{\"@id\":\"https:\/\/blanchestories.com\/shop\/#website\"},\"primaryImageOfPage\":{\"@id\":\"https:\/\/blanchestories.com\/shop\/produkt\/womanizer-premium-2\/#primaryimage\"},\"image\":{\"@id\":\"https:\/\/blanchestories.com\/shop\/produkt\/womanizer-premium-2\/#primaryimage\"},\"thumbnailUrl\":\"https:\/\/blanchestories.com\/shop\/wp-content\/uploads\/2024\/10\/WOMANIZER-Premium-2-Raspberry-1-1-jpg.webp\",\"datePublished\":\"2024-10-25T10:10:06+00:00\",\"dateModified\":\"2024-11-19T00:35:02+00:00\",\"breadcrumb\":{\"@id\":\"https:\/\/blanchestories.com\/shop\/produkt\/womanizer-premium-2\/#breadcrumb\"},\"inLanguage\":\"sv-SE\",\"potentialAction\":[{\"@type\":\"ReadAction\",\"target\":[\"https:\/\/blanchestories.com\/shop\/produkt\/womanizer-premium-2\/\"]}]},{\"@type\":\"ImageObject\",\"inLanguage\":\"sv-SE\",\"@id\":\"https:\/\/blanchestories.com\/shop\/produkt\/womanizer-premium-2\/#primaryimage\",\"url\":\"https:\/\/blanchestories.com\/shop\/wp-content\/uploads\/2024\/10\/WOMANIZER-Premium-2-Raspberry-1-1-jpg.webp\",\"contentUrl\":\"https:\/\/blanchestories.com\/shop\/wp-content\/uploads\/2024\/10\/WOMANIZER-Premium-2-Raspberry-1-1-jpg.webp\",\"width\":1000,\"height\":1000},{\"@type\":\"BreadcrumbList\",\"@id\":\"https:\/\/blanchestories.com\/shop\/produkt\/womanizer-premium-2\/#breadcrumb\",\"itemListElement\":[{\"@type\":\"ListItem\",\"position\":1,\"name\":\"Home\",\"item\":\"https:\/\/blanchestories.com\/shop\/\"},{\"@type\":\"ListItem\",\"position\":2,\"name\":\"Shop\",\"item\":\"https:\/\/blanchestories.com\/shop\/shop\/\"},{\"@type\":\"ListItem\",\"position\":3,\"name\":\"Womanizer Premium 2\"}]},{\"@type\":\"WebSite\",\"@id\":\"https:\/\/blanchestories.com\/shop\/#website\",\"url\":\"https:\/\/blanchestories.com\/shop\/\",\"name\":\"BLANCHEstories SHOP\",\"description\":\"\",\"potentialAction\":[{\"@type\":\"SearchAction\",\"target\":{\"@type\":\"EntryPoint\",\"urlTemplate\":\"https:\/\/blanchestories.com\/shop\/?s={search_term_string}\"},\"query-input\":{\"@type\":\"PropertyValueSpecification\",\"valueRequired\":true,\"valueName\":\"search_term_string\"}}],\"inLanguage\":\"sv-SE\"}]}<\/script>\n<!-- \/ Yoast SEO plugin. -->","yoast_head_json":{"title":"Womanizer  Premium 2 - BLANCHEstories SHOP","robots":{"index":"index","follow":"follow","max-snippet":"max-snippet:-1","max-image-preview":"max-image-preview:large","max-video-preview":"max-video-preview:-1"},"canonical":"https:\/\/blanchestories.com\/shop\/produkt\/womanizer-premium-2\/","og_locale":"sv_SE","og_type":"article","og_title":"Womanizer  Premium 2 - BLANCHEstories SHOP","og_description":"Upplev en revolution i njutning med Womanizer Premium 2! Med sin banbrytande Pleasure Air-teknologi tar den dig till nya h\u00f6jder av njutning.","og_url":"https:\/\/blanchestories.com\/shop\/produkt\/womanizer-premium-2\/","og_site_name":"BLANCHEstories SHOP","article_modified_time":"2024-11-19T00:35:02+00:00","og_image":[{"width":1000,"height":1000,"url":"https:\/\/blanchestories.com\/shop\/wp-content\/uploads\/2024\/10\/WOMANIZER-Premium-2-Raspberry-1-1-jpg.webp","type":"image\/webp"}],"twitter_card":"summary_large_image","twitter_misc":{"Ber\u00e4knad l\u00e4stid":"2 minuter"},"schema":{"@context":"https:\/\/schema.org","@graph":[{"@type":"WebPage","@id":"https:\/\/blanchestories.com\/shop\/produkt\/womanizer-premium-2\/","url":"https:\/\/blanchestories.com\/shop\/produkt\/womanizer-premium-2\/","name":"Womanizer Premium 2 - BLANCHEstories SHOP","isPartOf":{"@id":"https:\/\/blanchestories.com\/shop\/#website"},"primaryImageOfPage":{"@id":"https:\/\/blanchestories.com\/shop\/produkt\/womanizer-premium-2\/#primaryimage"},"image":{"@id":"https:\/\/blanchestories.com\/shop\/produkt\/womanizer-premium-2\/#primaryimage"},"thumbnailUrl":"https:\/\/blanchestories.com\/shop\/wp-content\/uploads\/2024\/10\/WOMANIZER-Premium-2-Raspberry-1-1-jpg.webp","datePublished":"2024-10-25T10:10:06+00:00","dateModified":"2024-11-19T00:35:02+00:00","breadcrumb":{"@id":"https:\/\/blanchestories.com\/shop\/produkt\/womanizer-premium-2\/#breadcrumb"},"inLanguage":"sv-SE","potentialAction":[{"@type":"ReadAction","target":["https:\/\/blanchestories.com\/shop\/produkt\/womanizer-premium-2\/"]}]},{"@type":"ImageObject","inLanguage":"sv-SE","@id":"https:\/\/blanchestories.com\/shop\/produkt\/womanizer-premium-2\/#primaryimage","url":"https:\/\/blanchestories.com\/shop\/wp-content\/uploads\/2024\/10\/WOMANIZER-Premium-2-Raspberry-1-1-jpg.webp","contentUrl":"https:\/\/blanchestories.com\/shop\/wp-content\/uploads\/2024\/10\/WOMANIZER-Premium-2-Raspberry-1-1-jpg.webp","width":1000,"height":1000},{"@type":"BreadcrumbList","@id":"https:\/\/blanchestories.com\/shop\/produkt\/womanizer-premium-2\/#breadcrumb","itemListElement":[{"@type":"ListItem","position":1,"name":"Home","item":"https:\/\/blanchestories.com\/shop\/"},{"@type":"ListItem","position":2,"name":"Shop","item":"https:\/\/blanchestories.com\/shop\/shop\/"},{"@type":"ListItem","position":3,"name":"Womanizer Premium 2"}]},{"@type":"WebSite","@id":"https:\/\/blanchestories.com\/shop\/#website","url":"https:\/\/blanchestories.com\/shop\/","name":"BLANCHEstories SHOP","description":"","potentialAction":[{"@type":"SearchAction","target":{"@type":"EntryPoint","urlTemplate":"https:\/\/blanchestories.com\/shop\/?s={search_term_string}"},"query-input":{"@type":"PropertyValueSpecification","valueRequired":true,"valueName":"search_term_string"}}],"inLanguage":"sv-SE"}]}},"_links":{"self":[{"href":"https:\/\/blanchestories.com\/shop\/wp-json\/wp\/v2\/product\/981","targetHints":{"allow":["GET"]}}],"collection":[{"href":"https:\/\/blanchestories.com\/shop\/wp-json\/wp\/v2\/product"}],"about":[{"href":"https:\/\/blanchestories.com\/shop\/wp-json\/wp\/v2\/types\/product"}],"replies":[{"embeddable":true,"href":"https:\/\/blanchestories.com\/shop\/wp-json\/wp\/v2\/comments?post=981"}],"wp:featuredmedia":[{"embeddable":true,"href":"https:\/\/blanchestories.com\/shop\/wp-json\/wp\/v2\/media\/1021"}],"wp:attachment":[{"href":"https:\/\/blanchestories.com\/shop\/wp-json\/wp\/v2\/media?parent=981"}],"wp:term":[{"taxonomy":"product_cat","embeddable":true,"href":"https:\/\/blanchestories.com\/shop\/wp-json\/wp\/v2\/product_cat?post=981"},{"taxonomy":"product_tag","embeddable":true,"href":"https:\/\/blanchestories.com\/shop\/wp-json\/wp\/v2\/product_tag?post=981"}],"curies":[{"name":"wp","href":"https:\/\/api.w.org\/{rel}","templated":true}]}}