{"id":2403,"date":"2024-11-18T21:32:42","date_gmt":"2024-11-18T20:32:42","guid":{"rendered":"https:\/\/blanchestories.com\/shop\/?post_type=product&#038;p=2403"},"modified":"2025-12-18T16:43:14","modified_gmt":"2025-12-18T15:43:14","slug":"womanizer-premium-2-kopia","status":"publish","type":"product","link":"https:\/\/blanchestories.com\/shop\/produkt\/womanizer-premium-2-kopia\/","title":{"rendered":"<span class=\"pro-brand\">Womanizer<\/span> <br> Next"},"content":{"rendered":"<p><strong>Womanizer Next<\/strong>\u00a0skapar en ny dimension av njutning!<\/p>\n<p>Revolutionerande 3D Pleasure Air klitorisstimulering kombinerat med deras nya innovation: Climax Control. En funktion som ger extra djup och dimensioner till din orgasmiska resa. Next \u00e4r utformad f\u00f6r intensiva, intuitiva multipla orgasmer och ger o\u00f6vertr\u00e4ffad kraft med premiumfunktioner. Next har ett nytt utbud av anpassningsbara m\u00f6nster samtidigt som den \u00e4r viskande tyst.<\/p>\n<p><strong>3D Pleasure Air &#8211;<\/strong> F\u00f6rb\u00e4ttrad kontaktl\u00f6s klitorisstimulering plus djupkontroll skapar 3D Pleasure Air, vilket intensifierar din njutning. Womanizers banbrytande Pleasure Air-teknik n\u00e5r nya h\u00f6jder med mer anpassningsbar och kraftfull luftv\u00e5gsstimulering \u00e4n n\u00e5gonsin tidigare. Nya, fantastiska sensationer med samma silkesmjuka, kropps\u00e4kra silikon som tidigare.<\/p>\n<p><strong>Viskande Tyst \/ Smart Silence \u2013<\/strong>\u00a0Den tystaste vibratorn hittills fr\u00e5n m\u00e4starna p\u00e5 Womanizer. Next kommer \u00e4ven med Smart Silence teknologi som g\u00f6r att din vibrator endast aktiveras n\u00e4r den f\u00e5r kontakt med din hud.<\/p>\n<p><strong>Extra munstycke \u2013<\/strong>\u00a0Alla kroppar \u00e4r olika. Med Next s\u00e5 f\u00e5r du tv\u00e5 munstycken i olika storlekar f\u00f6r en perfekt, personlig passform.<\/p>\n<p><strong>Climax Control \u2013 Womanizers <\/strong>nya funktion! En mer varierad stimulans som l\u00e5ter dig anpassa b\u00e5de hastigheten och djupet av vibratorns lufttryck. Med 3 niv\u00e5er av intensitet s\u00e5 garanteras en nyanserad upplevelse.<\/p>\n<p><strong>Vattent\u00e4t IPX7 \u2013<\/strong>\u00a0<strong>Womanizer Next<\/strong>\u00a0\u00e4r perfekt att ta med i duschen eller badet.<\/p>\n<p><strong>Afterglow \u2013<\/strong>\u00a0Gnom ett snabb-tryck p\u00e5 av-\/p\u00e5 knappen s\u00e5 \u00e5terg\u00e5r vibratorn till sin l\u00e4gsta intensitetsniv\u00e5, s\u00e5 att du inte riskerar o\u00f6nskad \u00f6verstimulering.<\/p>\n<p><strong>R\u00f6relsem\u00f6nster \/ Autopilot \u2013<\/strong>V\u00e4lj mellan de 14 f\u00f6rinst\u00e4llda intensitetsniv\u00e5er eller l\u00e5t Womanizer Next styra din resa med sina egna varierande m\u00f6nster.<\/p>\n<p>&nbsp;<\/p>\n<ul>\n<li>Ny lufttrycksteknologi f\u00f6r djupare, multipla orgasmer<\/li>\n<li>Vattent\u00e4t och uppladdningsbar med magnet USB-kabel<\/li>\n<li>14 intensitetsniv\u00e5er<\/li>\n<li>Justerbar kraft med Climate Control<\/li>\n<li>ABS Plast \/ Silikon<\/li>\n<li>100 % vattent\u00e4t (IPX7)<\/li>\n<li>Patenterad Pleasure Air-teknologi<\/li>\n<li>Smart Silence-funktion<\/li>\n<li>Autopilotl\u00e4ge<\/li>\n<li>Ergonomisk design<\/li>\n<li>3 LED-lampor med laddningsniv\u00e5 och l\u00e4gesindikering<\/li>\n<li>USB-kabel med magnetiska laddningsstift<\/li>\n<li>Tv\u00e5 stimulationsmunstycken medf\u00f6ljer i tv\u00e5 olika storlekar<\/li>\n<li>F\u00f6rvaringsp\u00e5se i bomull av h\u00f6g kvalitet<\/li>\n<li>Snabbstartsguide<\/li>\n<li>Laddningstid: 120 minuter<\/li>\n<li>K\u00f6rtid: Upp till 4 timmars spel<\/li>\n<li>Material: ABS, kroppss\u00e4ker silikon<\/li>\n<li>M\u00e5tt: 171 mm x 54 mm x 57 mm<\/li>\n<li>Garanti: 5 \u00e5r<\/li>\n<\/ul>\n","protected":false},"excerpt":{"rendered":"<p>Womanizer Next med revolutionerande 3D Pleasure Air klitorisstimulering kombinerat med dess nya innovation: Climax Control.<\/p>\n","protected":false},"featured_media":2397,"comment_status":"open","ping_status":"closed","template":"","meta":{"_mo_disable_npp":""},"product_cat":[93],"product_tag":[],"class_list":{"0":"post-2403","1":"product","2":"type-product","3":"status-publish","4":"has-post-thumbnail","6":"product_cat-lufttrycksvibratorer","8":"first","9":"instock","10":"taxable","11":"shipping-taxable","12":"purchasable","13":"product-type-variable"},"yoast_head":"<!-- This site is optimized with the Yoast SEO plugin v24.2 - https:\/\/yoast.com\/wordpress\/plugins\/seo\/ -->\n<title>Womanizer  Next - BLANCHEstories SHOP<\/title>\n<meta name=\"robots\" content=\"index, follow, max-snippet:-1, max-image-preview:large, max-video-preview:-1\" \/>\n<link rel=\"canonical\" href=\"https:\/\/blanchestories.com\/shop\/produkt\/womanizer-premium-2-kopia\/\" \/>\n<meta property=\"og:locale\" content=\"sv_SE\" \/>\n<meta property=\"og:type\" content=\"article\" \/>\n<meta property=\"og:title\" content=\"Womanizer  Next - BLANCHEstories SHOP\" \/>\n<meta property=\"og:description\" content=\"Womanizer Next med revolutionerande 3D Pleasure Air klitorisstimulering kombinerat med dess nya innovation: Climax Control.\" \/>\n<meta property=\"og:url\" content=\"https:\/\/blanchestories.com\/shop\/produkt\/womanizer-premium-2-kopia\/\" \/>\n<meta property=\"og:site_name\" content=\"BLANCHEstories SHOP\" \/>\n<meta property=\"article:modified_time\" content=\"2025-12-18T15:43:14+00:00\" \/>\n<meta property=\"og:image\" content=\"https:\/\/blanchestories.com\/shop\/wp-content\/uploads\/2024\/11\/WOMANIZER-Next-Sage-1.jpg\" \/>\n\t<meta property=\"og:image:width\" content=\"500\" \/>\n\t<meta property=\"og:image:height\" content=\"500\" \/>\n\t<meta property=\"og:image:type\" content=\"image\/jpeg\" \/>\n<meta name=\"twitter:card\" content=\"summary_large_image\" \/>\n<meta name=\"twitter:label1\" content=\"Ber\u00e4knad l\u00e4stid\" \/>\n\t<meta name=\"twitter:data1\" content=\"2 minuter\" \/>\n<script type=\"application\/ld+json\" class=\"yoast-schema-graph\">{\"@context\":\"https:\/\/schema.org\",\"@graph\":[{\"@type\":\"WebPage\",\"@id\":\"https:\/\/blanchestories.com\/shop\/produkt\/womanizer-premium-2-kopia\/\",\"url\":\"https:\/\/blanchestories.com\/shop\/produkt\/womanizer-premium-2-kopia\/\",\"name\":\"Womanizer Next - BLANCHEstories SHOP\",\"isPartOf\":{\"@id\":\"https:\/\/blanchestories.com\/shop\/#website\"},\"primaryImageOfPage\":{\"@id\":\"https:\/\/blanchestories.com\/shop\/produkt\/womanizer-premium-2-kopia\/#primaryimage\"},\"image\":{\"@id\":\"https:\/\/blanchestories.com\/shop\/produkt\/womanizer-premium-2-kopia\/#primaryimage\"},\"thumbnailUrl\":\"https:\/\/blanchestories.com\/shop\/wp-content\/uploads\/2024\/11\/WOMANIZER-Next-Sage-1.jpg\",\"datePublished\":\"2024-11-18T20:32:42+00:00\",\"dateModified\":\"2025-12-18T15:43:14+00:00\",\"breadcrumb\":{\"@id\":\"https:\/\/blanchestories.com\/shop\/produkt\/womanizer-premium-2-kopia\/#breadcrumb\"},\"inLanguage\":\"sv-SE\",\"potentialAction\":[{\"@type\":\"ReadAction\",\"target\":[\"https:\/\/blanchestories.com\/shop\/produkt\/womanizer-premium-2-kopia\/\"]}]},{\"@type\":\"ImageObject\",\"inLanguage\":\"sv-SE\",\"@id\":\"https:\/\/blanchestories.com\/shop\/produkt\/womanizer-premium-2-kopia\/#primaryimage\",\"url\":\"https:\/\/blanchestories.com\/shop\/wp-content\/uploads\/2024\/11\/WOMANIZER-Next-Sage-1.jpg\",\"contentUrl\":\"https:\/\/blanchestories.com\/shop\/wp-content\/uploads\/2024\/11\/WOMANIZER-Next-Sage-1.jpg\",\"width\":500,\"height\":500},{\"@type\":\"BreadcrumbList\",\"@id\":\"https:\/\/blanchestories.com\/shop\/produkt\/womanizer-premium-2-kopia\/#breadcrumb\",\"itemListElement\":[{\"@type\":\"ListItem\",\"position\":1,\"name\":\"Home\",\"item\":\"https:\/\/blanchestories.com\/shop\/\"},{\"@type\":\"ListItem\",\"position\":2,\"name\":\"Shop\",\"item\":\"https:\/\/blanchestories.com\/shop\/shop\/\"},{\"@type\":\"ListItem\",\"position\":3,\"name\":\"Womanizer Next\"}]},{\"@type\":\"WebSite\",\"@id\":\"https:\/\/blanchestories.com\/shop\/#website\",\"url\":\"https:\/\/blanchestories.com\/shop\/\",\"name\":\"BLANCHEstories SHOP\",\"description\":\"\",\"potentialAction\":[{\"@type\":\"SearchAction\",\"target\":{\"@type\":\"EntryPoint\",\"urlTemplate\":\"https:\/\/blanchestories.com\/shop\/?s={search_term_string}\"},\"query-input\":{\"@type\":\"PropertyValueSpecification\",\"valueRequired\":true,\"valueName\":\"search_term_string\"}}],\"inLanguage\":\"sv-SE\"}]}<\/script>\n<!-- \/ Yoast SEO plugin. -->","yoast_head_json":{"title":"Womanizer  Next - BLANCHEstories SHOP","robots":{"index":"index","follow":"follow","max-snippet":"max-snippet:-1","max-image-preview":"max-image-preview:large","max-video-preview":"max-video-preview:-1"},"canonical":"https:\/\/blanchestories.com\/shop\/produkt\/womanizer-premium-2-kopia\/","og_locale":"sv_SE","og_type":"article","og_title":"Womanizer  Next - BLANCHEstories SHOP","og_description":"Womanizer Next med revolutionerande 3D Pleasure Air klitorisstimulering kombinerat med dess nya innovation: Climax Control.","og_url":"https:\/\/blanchestories.com\/shop\/produkt\/womanizer-premium-2-kopia\/","og_site_name":"BLANCHEstories SHOP","article_modified_time":"2025-12-18T15:43:14+00:00","og_image":[{"width":500,"height":500,"url":"https:\/\/blanchestories.com\/shop\/wp-content\/uploads\/2024\/11\/WOMANIZER-Next-Sage-1.jpg","type":"image\/jpeg"}],"twitter_card":"summary_large_image","twitter_misc":{"Ber\u00e4knad l\u00e4stid":"2 minuter"},"schema":{"@context":"https:\/\/schema.org","@graph":[{"@type":"WebPage","@id":"https:\/\/blanchestories.com\/shop\/produkt\/womanizer-premium-2-kopia\/","url":"https:\/\/blanchestories.com\/shop\/produkt\/womanizer-premium-2-kopia\/","name":"Womanizer Next - BLANCHEstories SHOP","isPartOf":{"@id":"https:\/\/blanchestories.com\/shop\/#website"},"primaryImageOfPage":{"@id":"https:\/\/blanchestories.com\/shop\/produkt\/womanizer-premium-2-kopia\/#primaryimage"},"image":{"@id":"https:\/\/blanchestories.com\/shop\/produkt\/womanizer-premium-2-kopia\/#primaryimage"},"thumbnailUrl":"https:\/\/blanchestories.com\/shop\/wp-content\/uploads\/2024\/11\/WOMANIZER-Next-Sage-1.jpg","datePublished":"2024-11-18T20:32:42+00:00","dateModified":"2025-12-18T15:43:14+00:00","breadcrumb":{"@id":"https:\/\/blanchestories.com\/shop\/produkt\/womanizer-premium-2-kopia\/#breadcrumb"},"inLanguage":"sv-SE","potentialAction":[{"@type":"ReadAction","target":["https:\/\/blanchestories.com\/shop\/produkt\/womanizer-premium-2-kopia\/"]}]},{"@type":"ImageObject","inLanguage":"sv-SE","@id":"https:\/\/blanchestories.com\/shop\/produkt\/womanizer-premium-2-kopia\/#primaryimage","url":"https:\/\/blanchestories.com\/shop\/wp-content\/uploads\/2024\/11\/WOMANIZER-Next-Sage-1.jpg","contentUrl":"https:\/\/blanchestories.com\/shop\/wp-content\/uploads\/2024\/11\/WOMANIZER-Next-Sage-1.jpg","width":500,"height":500},{"@type":"BreadcrumbList","@id":"https:\/\/blanchestories.com\/shop\/produkt\/womanizer-premium-2-kopia\/#breadcrumb","itemListElement":[{"@type":"ListItem","position":1,"name":"Home","item":"https:\/\/blanchestories.com\/shop\/"},{"@type":"ListItem","position":2,"name":"Shop","item":"https:\/\/blanchestories.com\/shop\/shop\/"},{"@type":"ListItem","position":3,"name":"Womanizer Next"}]},{"@type":"WebSite","@id":"https:\/\/blanchestories.com\/shop\/#website","url":"https:\/\/blanchestories.com\/shop\/","name":"BLANCHEstories SHOP","description":"","potentialAction":[{"@type":"SearchAction","target":{"@type":"EntryPoint","urlTemplate":"https:\/\/blanchestories.com\/shop\/?s={search_term_string}"},"query-input":{"@type":"PropertyValueSpecification","valueRequired":true,"valueName":"search_term_string"}}],"inLanguage":"sv-SE"}]}},"_links":{"self":[{"href":"https:\/\/blanchestories.com\/shop\/wp-json\/wp\/v2\/product\/2403","targetHints":{"allow":["GET"]}}],"collection":[{"href":"https:\/\/blanchestories.com\/shop\/wp-json\/wp\/v2\/product"}],"about":[{"href":"https:\/\/blanchestories.com\/shop\/wp-json\/wp\/v2\/types\/product"}],"replies":[{"embeddable":true,"href":"https:\/\/blanchestories.com\/shop\/wp-json\/wp\/v2\/comments?post=2403"}],"wp:featuredmedia":[{"embeddable":true,"href":"https:\/\/blanchestories.com\/shop\/wp-json\/wp\/v2\/media\/2397"}],"wp:attachment":[{"href":"https:\/\/blanchestories.com\/shop\/wp-json\/wp\/v2\/media?parent=2403"}],"wp:term":[{"taxonomy":"product_cat","embeddable":true,"href":"https:\/\/blanchestories.com\/shop\/wp-json\/wp\/v2\/product_cat?post=2403"},{"taxonomy":"product_tag","embeddable":true,"href":"https:\/\/blanchestories.com\/shop\/wp-json\/wp\/v2\/product_tag?post=2403"}],"curies":[{"name":"wp","href":"https:\/\/api.w.org\/{rel}","templated":true}]}}